. Is v(d) composite?
False
Suppose -11*a + 6*a = 5*p - 175505, -35109 = -a - 5*p. Is a prime?
True
Suppose -2*b + 9 = -t, -2*t - 7 = -b + 5. Suppose -b*i = 3*v - 10684, i + 3*v = 4*v + 5337. Is i prime?
False
Suppose -3 = -d, 0 = 5*m + 2*d - 16532 - 23379. Is m a prime number?
False
Let b be (2/(-3))/(-3*(-6)/(-3429)). Let j = b - 56. Is j prime?
True
Let x(r) = r**3 + 4*r**2 + 6*r + 11. Let m be x(-3). Suppose -3*k - 12 = 0, -6*k = 5*y - m*k - 2689. Is y a composite number?
False
Suppose -9632 = -3*m - a, -m + 3*a + 1165 = -2049. Let t = m + -1388. Is t composite?
False
Suppose 166*k + 34677 = 157*k. Let s = 6626 + k. Is s a prime number?
False
Let s be 3*15/(-36)*-2*2. Suppose 0 = 2*t - 4*q + 10, t + t + q = -s. Is 3/9 - (t + 6999/(-9)) a prime number?
False
Suppose x - 4*x + 450 = 0. Suppose -3*f - 2*f - x = 0. Is (-1 - -4)*2/(f/(-1655)) a prime number?
True
Let j(l) = -l**3 + 3*l**2 + 6*l - 8. Let c be j(4). Is (59738/56)/(c + (-2)/(-8)) a prime number?
False
Let h(f) = -6610*f + 3. Let x = -111 + 118. Suppose -5*l - 2*v - x = -5*v, 3 = -4*l + 5*v. Is h(l) a composite number?
True
Suppose 0 = 3*b - 3*y - 30009, -2*b - 2*y + 30019 = b. Suppose -3*t - b = -8*t. Suppose t = 13*m + 116. Is m a composite number?
True
Suppose -9*p + 135 = 54. Suppose -p*b = -4*b - 26915. Is b a composite number?
True
Let y be (3 - (35749 + 0)) + 14/(-7). Let n = y - -50237. Is n prime?
True
Let p(m) = -2007*m + 14. Let q be p(-6). Suppose -3834 = -5*a + q. Suppose 0*n - 4*n + 4240 = -4*i, 3*n = 5*i + a. Is n prime?
True
Let g = 282 - 282. Suppose 0*f = -2*i - 2*f + 12052, 4*i - f - 24089 = g. Is i composite?
True
Suppose -1 = -5*k - 3*j, 0*k = k + 5*j + 13. Is 33042*(-11)/(-33)*k/4 prime?
True
Let r(g) = -2*g**2 - 29*g. Let v be r(-13). Suppose -87064 = v*b - 47*b. Is b a prime number?
True
Suppose -555*s - 107*s + 331952618 = 0. Is s prime?
False
Suppose 2*i + 1956 = 5*i + 3*r, 650 = i - r. Let p = i + -293. Is p prime?
False
Suppose 2*n - 2818 - 5690 = -5*m, 5*n - 5*m - 21375 = 0. Is n composite?
True
Let n(y) be the second derivative of 0 + 1/3*y**3 + 337/4*y**4 - 3*y**2 + 41*y. Is n(-2) a prime number?
False
Suppose 3 = 3*v - 3*n + 9, -2*v - 3*n - 14 = 0. Let x be (-11 - 39)/(v/738*1). Suppose 3*i + 7373 = 4*f, -x = -8*f + 3*f + 2*i. Is f prime?
True
Let o(c) = -213*c**2 - 6*c + 3. Let r(h) = -106*h**2 - 3*h + 2. Let p(q) = -4*o(q) + 7*r(q). Let i be p(3). Let m = i - 655. Is m a prime number?
False
Suppose -251708 = -4*m - 4*s, 3*m = -2*s + 170768 + 18007. Is m a prime number?
True
Suppose 93*a - 86199697 = 271*a - 300921275. Is a prime?
False
Suppose 3*p + 4*l + 12331 - 40168 = 0, 3*l = 4*p - 37166. Is p a prime number?
False
Is ((-39282)/(-18))/(1/3) prime?
True
Let l(m) = 2*m + 45. Let h be l(-21). Suppose q + 0*x - 12451 = 3*x, 0 = h*q + x - 37353. Is q prime?
True
Let i(t) = t**3 - 28*t**2 - 29*t + 24. Let a be i(30). Suppose 4*v + a = 6*v + 4*f, -2*f + 2393 = 5*v. Is v a composite number?
False
Let a(u) = 78*u**2 - u + 4. Let q(z) = -78*z**2 + z - 5. Let v(i) = -3*a(i) - 4*q(i). Let n(s) be the first derivative of v(s). Is n(4) prime?
False
Suppose -3*d + 2*f - 35 = 0, -32 = -3*d + 6*d + f. Let v(k) = 6*k - 46 + 33 - k - 29*k. Is v(d) a composite number?
False
Let h(g) be the third derivative of -g**6/40 - 2*g**5/15 - g**4/6 + g**3/2 - 2*g**2. Let f be h(-7). Suppose -144 = -4*v + f. Is v a composite number?
True
Is 2*(-15338)/16*(1 - 13) a prime number?
False
Suppose 3*h + a - 3035 + 291 = 0, -2*a + 4573 = 5*h. Suppose 0 = -14*g + 19856 - 7046. Suppose 3*n + 4*d = h, -3*n + 0*n = -5*d - g. Is n composite?
True
Suppose -9*o - 52 + 97 = 0. Is (-4)/(-130)*o - (-8669)/13 composite?
True
Let o = -297 + 2449. Suppose y + 4*y = x - o, -2170 = -x - y. Is x composite?
True
Suppose -13*t - 2*t + 450 = 0. Suppose -5*g + t*g - 30475 = 0. Is g a composite number?
True
Let j = -18 - -19. Let m be 3 + -5 + 4*j. Suppose -81 = -m*r - 13. Is r prime?
False
Let m(d) = -3*d**2 + 24*d - 48. Let l be m(5). Is l*(-26135)/45*3 a prime number?
True
Suppose -4*t - 2*b - 79222 = 0, 4*t = -3*b - 47492 - 31733. Is -7*(7 + -8) - t a composite number?
True
Let s(n) = 2769*n - 4522. Is s(185) a composite number?
False
Let j(x) be the first derivative of 23*x**6/120 - x**5/30 - x**4/6 + 4*x**3/3 - 8*x**2 + 4. Let h(t) be the second derivative of j(t). Is h(5) prime?
False
Suppose -315541 = -11*v + 98444. Suppose -v = 61*h - 58*h. Is 7 + h/(-10) + (-2)/4 composite?
True
Suppose 605*t - 308927000 + 1793305 = 0. Is t prime?
False
Let h(m) be the first derivative of m**4/4 - 4*m**3 + 17*m**2/2 - 22*m + 33. Let v be h(12). Suppose 3*b - 2*b - v = -3*d, 0 = -4*d + 4. Is b a prime number?
True
Is (-28)/56*1*-395078 a composite number?
False
Suppose x + 69 = 2*o, 4*o = o + 5*x + 121. Let l = -32 + o. Suppose -2*b + 4*b - 1182 = l. Is b composite?
True
Let l = -478 + 489. Suppose 10*y - 233121 = -l*y. Is y prime?
False
Let v(q) = -146*q + 3. Let a(f) = -145*f + 1. Let m(p) = 3*a(p) - 2*v(p). Let z be m(-8). Suppose -15*b + 4544 + z = 0. Is b composite?
False
Let v = -71 + 88. Suppose -v*m + 26020 = -10054. Is m a composite number?
True
Let d = 27265 + 251046. Is d prime?
False
Let b(x) = -8*x**3 + 3*x**2 - 62*x + 27. Let a be b(-20). Suppose 4*u - a = -19543. Is u composite?
False
Suppose -3*l - 5*z = 63, 3*z = 2*l - 0*l + 23. Let r(b) = 54*b**2 - 12*b + 35. Is r(l) prime?
True
Let p be (-683220)/(-15) - -1*4. Suppose q - p = -2*q + 3*z, 4 = 4*z. Is q a prime number?
False
Let w be (-3)/((-12)/30032) - 1. Let g = 13746 - w. Is g prime?
False
Let j(b) = -2*b + 16. Let a be j(9). Let z be a/5*(-5)/1. Suppose -d = 3*i - 1964, -z*d + 2*i = -5*d + 5857. Is d prime?
True
Suppose 4*z = -4*c + 2405108, -3*c + 1396434 = 4*z - 407402. Suppose 0 = 24*i - c - 74352. Is i a composite number?
False
Let o(b) = b**3 - 14*b**2 - 5*b - 15. Let t be o(15). Let f = -130 + t. Suppose 0 = 4*s - 4*v - 1892, -f*s + v + 869 + 1480 = 0. Is s a prime number?
False
Let l = 70172 - 123. Is l prime?
False
Let u = -367064 + 619671. Is u a prime number?
True
Is ((-12)/(-16))/(12947646/4315880 - (8 - 5)) prime?
False
Let x(f) = 9808*f**2 + 80*f - 25. Is x(4) prime?
False
Let g(w) = 114909*w + 362. Is g(5) composite?
False
Let h be (-6 - (-44)/7) + 12/7. Suppose 8*z = j + 12*z - 14683, h*j - 29366 = -3*z. Is j a composite number?
False
Is (3 + 9 - 2) + 407263 a composite number?
False
Suppose 0*o - 101*o = -32049 - 69860. Is o prime?
True
Let q = 12 - -21. Let g be (711/(-18) - 3)*20/(-25). Suppose 0 = g*i - q*i - 1439. Is i a prime number?
True
Let g be 2/(-3 + 2875/960). Let b = g - -711. Let w = b + 704. Is w composite?
False
Suppose -37685 = -2*o + 14073. Suppose 15*d = o - 5374. Is d composite?
False
Let j = -28 + 32. Suppose 5*b - 401 = -3*p - 54, -j*p + 486 = -5*b. Suppose 10 = 3*q - p. Is q prime?
True
Suppose -k + 3*i + 9622 + 32576 = 0, -5*k - i + 211070 = 0. Is k composite?
True
Suppose 35*o = 12*o - 3381940 + 13977419. Is o a prime number?
True
Let g be 4*2*(-5 - -6). Is -5182*4/g*-1 composite?
False
Let t = 383228 - 215035. Is t a composite number?
False
Let r(d) = -d**2 - 39*d + 65411. Is r(0) composite?
True
Let q(f) = 2165*f + 95. Let d(h) = 541*h + 24. Let i(s) = -9*d(s) + 2*q(s). Let z be i(4). Let p = 1251 - z. Is p prime?
True
Let l be 18/(-6) - 0/(-2). Let d(t) = -46*t**3 + 5*t**2 - 2*t - 16. Is d(l) a composite number?
False
Suppose -2*u + 124362 = -4*s, -1905*u + 5*s - 248672 = -1909*u. Is u a prime number?
False
Suppose -5*r + 529695 = 5*i, -2*r + 2*i + 240815 = 28929. Is r a prime number?
False
Suppose 4 + 14 = 6*c. Suppose -2*q - 3*q + o = 7235, c*q + 4334 = 2*o. Let j = 2697 + q. Is j a prime number?
True
Let s(t) = 5388*t + 43. Is s(16) a prime number?
False
Let d(o) = 583*o + 14. Let y be d(-3). Let m = -482 - y. Is m prime?
False
Let d(w) be the first derivative of 75*w**2/2 - w - 1. Let j = -1709 - -1711. Is d(j) composite?
False
Suppose 5*h - 10899 = 4*k, -5*h + 0*h + 10892 = 3*k. Is h a composite number?
False
Suppose 5*c - 393 + 1786 = -4*a, 5*a = -5*c - 1395. Let n = 10036 - c. Is n composite?
False
Suppose 0*h + 113393 = 4*t - 5*h, 5*t + 3*h = 141769. Let b = t + -7347. Is b a composite number?
True
Suppose 0 = -87*h + 503570 + 1999155 + 1007116. Is h prime?
True
Let i(w) = 363*w**2 -